 -u + 3 + 3 + 2*l - 6. What is g(i)?
2
Let v = -33 + 31. Let y(d) = -4*d + 11. Let x(j) = j - 4. Let i(n) = -5*x(n) - 2*y(n). Calculate i(v).
-8
Let r be 6/(-8) - (-239272)/352. Let n = -683 + r. Let l(t) = -3 - 2*t**2 + 5*t - t**2 + 4*t**2. Give l(n).
-7
Let k(b) = -b**2 - 8*b - 12. Let o = -4844 - -4840. What is k(o)?
4
Let x(v) be the third derivative of 0*v + 1/60*v**5 + 11/24*v**4 + 0 + 46*v**2 + 5/6*v**3. Give x(-9).
-13
Let n(h) = -h**3 - 5*h**2 - 5*h - 6. Let r(l) = -3*l**3 - 15*l**2 - 16*l - 19. Let t(m) = -7*n(m) + 2*r(m). Calculate t(-3).
13
Let z(p) = -p**3 - 4*p**2 - p - 1. Let i = -311 - -400. Let v = i + -93. Calculate z(v).
3
Let v(h) = -h**3 - 4. Suppose 6*f - 24 = 8*f - 5*c, -5*f - 18 = -2*c. Calculate v(f).
4
Let k(c) = -41*c**2 + 3*c. Let a(i) = 42*i**2 - 4*i. Let f be ((-6)/(-1))/(3/(-1) - -5). Let l(y) = f*k(y) + 2*a(y). Calculate l(1).
-38
Let h = 259 - 257. Suppose h*b + 3*i = 6, 2*b - 3*i - 3 = b. Let a(v) = v**3 - 2*v**2 - 3*v. Give a(b).
0
Let d(u) be the second derivative of u**7/2520 - u**5/30 - 35*u**4/12 + u**3/6 - 14*u. Let p(a) be the third derivative of d(a). What is p(-3)?
5
Suppose s + 6 = 3*d, -s - 1 = -2*d + 3. Suppose 0 = -4*k - a - 33, 2 = -0*a - d*a. Let f be 0 - -1*4*k/16. Let r(p) = 16*p + 3. Give r(f).
-29
Let t be -1 + (-12)/(-24) - (-18)/4. Let b(k) = -k + 6*k + t*k - 11*k - 16. Calculate b(-9).
2
Suppose -a + 4*a = -2*o - 31, -4*o = -5*a + 51. Let p(z) = -2*z - 20. What is p(o)?
8
Let j(c) = -5*c - 1. Suppose 0 = -13*v + 17*v + 560. Let w = v + 139. What is j(w)?
4
Suppose -51*z + 44*z + 315 = 0. Suppose -z = 14*x - 9*x. Let f(j) = j + 13. Determine f(x).
4
Let u(p) be the third derivative of p**4/12 - 7*p**3/3 - 5*p**2 - 29. Give u(0).
-14
Let t(p) be the third derivative of 2*p**4/3 - 134*p**2. Let d(w) = -59*w - 1. Let i(n) = -6*d(n) - 22*t(n). What is i(-8)?
-10
Let b(s) be the third derivative of 71*s**4/12 + s**3/3 - 7084*s**2. What is b(-1)?
-140
Let w(n) = -44*n - 290. Let g(x) = -23*x - 149. Let t(v) = -9*g(v) + 5*w(v). Calculate t(-8).
-5
Let q(m) be the second derivative of m**5/20 - 3*m**4/4 - 11*m**3/3 + m**2/2 + m - 149. Give q(11).
1
Let o = -17 + 18. Let n(a) be the second derivative of 23/6*a**3 - 7*a - 1/2*a**2 + 0. Determine n(o).
22
Let o(v) be the third derivative of v**7/1680 + v**6/360 + 2*v**5/15 - 5*v**3/6 + 68*v**2. Let s(z) be the third derivative of o(z). Give s(-5).
-13
Suppose -4*q + 5*a - 3 = -5*q, -9 = -3*q + a. Suppose -q*w - 688 = -712. Let i(l) = -l**3 + 9*l**2 - 7*l - 8. What is i(w)?
0
Let c(p) = -21*p - 3134. Let a be c(-149). Let x(q) = 5*q + 5*q**2 - 4*q + q + q**3 - 1. Give x(a).
-11
Suppose -5*x - 57 = -4*v, 4*v + 2*x = 6 + 16. Let w be 171/(-27) + v/(-12). Let c(q) = q**3 + 8*q**2 + 8*q + 9. Calculate c(w).
2
Let r(w) be the third derivative of w**6/120 - w**5/10 + w**4/6 + w**3/6 + 202*w**2. Let m = 2 - -3. Suppose 15 + m = 4*k. Give r(k).
-4
Let i be (-8)/(-14) - (-696)/56. Suppose i*g = 11 + 41. Let o(d) = d**3 - 3*d**2 - 3*d + 3. Determine o(g).
7
Let b(a) = 11*a + 65. Suppose 38016*p = 38031*p + 90. Determine b(p).
-1
Let b(m) = 3*m**2 - 9*m + 15. Let a be b(2). Let p(v) = -5 + 6 - 12*v**2 + 13*v**2 - a*v. What is p(8)?
-7
Let w be 78/120*5*4. Let l(p) = -13 - p - 13 + 24 - w - 2. Calculate l(-17).
0
Let b(p) = p**2 - 4*p + 1. Let d(u) = u**2 + u - 8. Let n be d(-5). Suppose i - 59 = -3*m - n, 0 = 5*m + i - 81. Suppose 3*x + 2 - m = 0. What is b(x)?
6
Let f(i) = -i**2 - 12*i + 62. Let s(m) = m**3 + 4*m**2 - 39*m - 52. Let t be s(-8). Calculate f(t).
-2
Let z(i) be the second derivative of -12*i**2 + 7/24*i**4 + 0 + 2/3*i**3 + 6*i + 1/60*i**5. Let f(v) be the first derivative of z(v). Give f(-6).
-2
Suppose 5*b + 4*m = -1, -9*b - 5*m = -6*b + 11. Suppose 5*u - 7 = 8. Let s(t) = 5 - 1 + 2*t**2 - t**2 - 3*t - u. Give s(b).
1
Let a(h) = -h**2 - 4*h + 18. Suppose 3*d - 14 - 1 = 0. Let j be (-42)/12*10/d. Calculate a(j).
-3
Let o(x) = x**2 - 12*x + 10. Suppose -73 = 6*h - 97. Suppose h*v + k = -0*k + 49, 4*k = v + 9. Give o(v).
-1
Let r(y) = -3*y + 2. Let t(l) be the second derivative of -5*l**3/2 + 89*l**2 - 69*l. Let p be t(12). Calculate r(p).
8
Let v(b) = 4*b**2 + 33*b + 13. Let t(o) = 9*o**2 + 81*o + 25. Let f(h) = 3*t(h) - 7*v(h). Give f(10).
4
Let l = 2852 + -2856. Let d(p) = 6*p + 34. What is d(l)?
10
Let l = 3658 + -3660. Let n(x) = -11*x - 22. Give n(l).
0
Let m(c) = -c**3 + 9*c**2 + 4*c - 9. Let z(g) = 3*g**2 + 11*g - 26. Let b be z(-7). Let i = -35 + b. Calculate m(i).
27
Let f(c) = 2*c + 21. Let t(v) = -5*v - 50. Let k(z) = 9*f(z) + 4*t(z). Calculate k(-5).
-1
Suppose 555 + 2181 = -171*w. Let r(d) = d**2 + 15*d - 55. Calculate r(w).
-39
Let y(w) = -w**3 + 2*w**2 + 3*w + 3. Let x(i) = -2*i**3 + 128*i**2 - 246*i - 121. Let a be x(62). Calculate y(a).
3
Let g be 15/(-5) + 4 - 1. Let k(l) = -l + l**2 + 4 - 8 - 4*l**2 + 4*l**2. Calculate k(g).
-4
Let s(k) be the first derivative of -2*k**2 + 7*k + 17. Let y be s(-3). Let v(b) = 2*b + y - 20 + b. Give v(-1).
-4
Suppose -2560*a = -2533*a + 27. Let z(n) = 3*n**2 - n - 3. What is z(a)?
1
Let y(c) = 140*c - 1116. Let r be y(8). Let v(h) = 8*h - 6. What is v(r)?
26
Let d(r) = -1 + 3*r**2 - 5 - 4*r**2 + 8*r. Suppose 0 = 1660*t - 10026 + 1726. Give d(t).
9
Let f(j) be the second derivative of -78*j - 1/6*j**3 - 1/12*j**4 - 7/2*j**2 + 2. Give f(0).
-7
Let s(h) = h**3 + 21*h**2 - 41*h + 107. Let r be s(-23). Let l(a) = -a**2 - 4*a + 32. Calculate l(r).
0
Let u(f) be the third derivative of f**4/24 + 3*f**3/2 - f**2. Let a be 10*(-3)/(-24)*4. Suppose -5*n = a*m + 50, 3*n - 6*n - 4*m = 30. Give u(n).
-1
Let f(n) = -n**3 - n**2 - 1. Let k(i) = 6*i**3 + 23*i**2 + 10*i - 11. Let c(m) = 4*f(m) + k(m). Determine c(-9).
-24
Let i(k) be the first derivative of k**3/3 + 6*k**2 + 13*k - 238. Suppose 5*a - 158 - 67 = 0. Suppose -7*l = -2*l + a. Give i(l).
-14
Suppose -u + 259 - 240 = -2*n, -3*n - 22 = 5*u. Let q(t) = -7*t - 17. Let s(g) = -6*g - 16. Let y(k) = 5*q(k) - 6*s(k). Give y(n).
2
Suppose -5*x + 4 + 13 = 3*y, -4*x = 3*y - 16. Let o(p) = -5*p**3 - 4*p**2 + 4*p + 3. Let f(u) = u**3 + u + 1. Let b(t) = y*f(t) + o(t). Determine b(-6).
31
Let k(w) = w**3 + 6*w**2 - w. Let n(y) = 2*y - 2. Let p(c) = 11*c - 103. Let f(o) = 2*n(o) - p(o). Let d be f(15). Calculate k(d).
6
Let v be 7/(-42) + 4215/18. Suppose -4*p - v = -5*t - 7*p, -222 = -5*t + p. Let s(k) = 1 - 45*k + 0*k**2 - 2*k**2 - 6*k**3 + t*k. What is s(-1)?
5
Let u(p) = p**3 + 3 + 1 - 13*p**2 + 0. Suppose 22*v = 21*v + z + 14, -v - 9 = 22*z. What is u(v)?
4
Let o be (-2)/(-26 - -21 - 1*-7). Let j(b) = 8*b + 7. Calculate j(o).
-1
Suppose 3*h - 27 = 4*s, -3*s - 3*h = 2*s. Let r(q) be the first derivative of q**2/2 + 15321. Determine r(s).
-3
Let g(b) be the second derivative of -b**5/60 + b**4/4 + 7*b**3 + 47*b**2/2 - 237*b. Let l(p) be the first derivative of g(p). Determine l(10).
2
Let r = 66 + -63. Suppose j - 6 = -r. Suppose j*d - 2*d - 4 = 0. Let x(b) = -b + 5. Determine x(d).
1
Suppose r + 5 + 1 = 0. Suppose k + 11 = 5*l, 2*k - 25 = -l + 8. Let d = r + k. Let y(t) = t**3 - 8*t**2 + 2*t - 11. What is y(d)?
5
Suppose 35*m - 36*m = 5*c + 72, 0 = -c - m - 12. Let n(o) = -o**2 - 13*o + 5. Determine n(c).
-25
Let x(g) = -14*g**3 + g**2 + g + 1. Let y(o) = -o**3 - 7*o**2 + 9*o + 14. Let w be y(-8). Suppose -4*f + w = -2*b, -7 = 3*b - 2*f - 2*f. Calculate x(b).
15
Suppose -2*l - 41*j - 810 = -45*j, l - 5*j = -405. Let d = l + 405. Let t(x) = x**2 + 9. Give t(d).
9
Let p(r) = 6*r**3 - 37*r**2 - r + 21. Let v(l) = 5*l**3 - 33*l**2 - 2*l + 24. Let z(n) = 6*p(n) - 7*v(n). What is z(-7)?
0
Let z(j) = 59*j**2 - 14*j**2 - 19*j**2 - 8*j - 13*j**2 + 2 - 11*j**2. Let i(n) = -2*n. Let y be i(-3). What is z(y)?
26
Let m(w) = 3*w**2 - 48*w + 14. Let j(p) = -p**2 + 18*p - 5. Let f(q) = 8*j(q) + 3*m(q). Give f(-4).
18
Let h(j) = j - 1. Let c(z) = z**2 + 1. Let q be c(-3). Suppose k + 25 = -3*r - k, -2*k = q. Calculate h(r).
-6
Let a(b) = b**3 + 6*b**2 - b - 3. Let u = 15 - 15. Let l = 151 - 146. Suppose -2*w - 3*c - 15 = u, -l*c + 1 = -w - 0*c. Calculate a(w).
3
Suppose 2 = -4*x - 2*m, 6*m - 11*m - 5 = -4*x. Suppose 4*a = 4*n - 20, x = -4*a - a + 15. Let t(g) = g**3 - 8*g**2 - 2*g - 9. Determine t(n).
-25
Suppose -3*y + y = 18. Let j(l) = 10*l - 31. Let v be j(4). Let d = v 